{"id":44,"date":"2017-01-16T11:09:40","date_gmt":"2017-01-16T10:09:40","guid":{"rendered":"http:\/\/www.praxistest-online.de\/?page_id=44"},"modified":"2017-01-18T09:10:06","modified_gmt":"2017-01-18T08:10:06","slug":"info","status":"publish","type":"page","link":"https:\/\/www.praxistest-online.de\/?page_id=44","title":{"rendered":"\u00dcber uns"},"content":{"rendered":"<p class=\"kapitel\">Was dahinter steckt&#8230;<\/p>\n<p class=\"beitrag\"><strong>Es gibt eine Sache, die uns das wichtigste ist: Transparenz! Daher m\u00f6chten wir Ihnen hier detailliert aufzeigen, was hinter diesem Portal steckt, was unsere Beweggr\u00fcnde sind und wie wir arbeiten.<\/strong><\/p>\n<p>&nbsp;<\/p>\n<p class=\"beitrag\"><strong>Was ist Praxistest Online?<\/strong><\/p>\n<p class=\"beitrag\">Praxistest Online ist ein <strong>unkommerzielles<\/strong> Portal &#8211; keine Firma, kein Konzern und vor allem: kein Affiliate-Marketing! Unsere Testberichte platzieren zwar meist ganz bestimmte Produkte und somit auch oft konkrete Marken, allerdings arbeiten wir in erster Linie f\u00fcr <strong>SIE als USER<\/strong>, nicht als Werbender f\u00fcr ein Unternehmen! Das bedeutet auch, dass s\u00e4mtliche Produktlinks, die wir auf diesem Portal setzen, &#8222;offene&#8220;, neutrale und f\u00fcr die Firmen keine f\u00fcr die Erhebung von Daten relevante Links sind. Wir erhalten also keinerlei Provisionen f\u00fcr Klicks auf die Links, ausserdem wird die Anzahl der Klicks nicht bei den Firmen verzeichnet. Somit k\u00f6nnen wir unser Motto &#8222;unabh\u00e4ngig, neutral, ehrlich&#8220; mit reinstem Gewissen pr\u00e4sentieren!<\/p>\n<hr>\n<p class=\"beitrag\"><strong>Woher kommen die getesteten Produkte?<\/strong><\/p>\n<p class=\"beitrag\">Da wir unkommerziell arbeiten, gibt es auch kein Budget f\u00fcr die Anschaffung von Produkten, die wir unseren detaillierten Praxistests unterziehen. Die meisten getesteten Produkte und Gadgets erhalten wir von den Firmen kostenlos, weisen die Unternehmen jedoch immer darauf hin, dass wir ehrlich und neutral testen und auch nicht davor zur\u00fcckschrecken, eventuelle negative Eigenschaften eines Produktes offen zu legen.<\/p>\n<hr>\n<p class=\"beitrag\"><strong>Wie laufen die Tests ab?<\/strong><\/p>\n<p class=\"beitrag\">So, wie die Produkte auch bei Ihnen zum Einsatz kommen sollen! Wir untersuchen Artikel nicht im Labor unter verf\u00e4lschten Bedingungen, sondern pr\u00fcfen die Praxistauglichkeit der Waren. So k\u00f6nnen wir Ihnen realistisch berichten, wie ein Produkt tats\u00e4chlich funktioniert, ob es seinen Zweck erf\u00fcllt, sinnvoll, und vor allem sein Geld Wert ist! Da solche Sachen wie Produktionsfehler, vorzeitige Defekte und \u00c4hnliches immer mal vorkommen, k\u00f6nnen wir nat\u00fcrlich keine Haftung oder Garantie f\u00fcr die \u00dcbertragbarkeit auf IHR gekauftes Produkt \u00fcbernehmen &#8211; wir k\u00f6nnen nur ehrlich berichten, wie sich ein Artikel bei uns in unserem Test verhalten hat und ob wir ihn basierend auf diesen Erfahrungen weiterempfehlen w\u00fcrden. Hinter den Praxistests und den ver\u00f6ffentlichten Berichten stehen \u00fcbrigens langj\u00e4hrige und praxistesterfahrene Journalisten, die daf\u00fcr sorgen, dass die Artikel auch Hand und Fu\u00df haben und m\u00f6glichst angenehm zu lesen sind.<\/p>\n<hr>\n<p class=\"beitrag\"><strong>F\u00fcr wen macht Ihr die Arbeit?<\/strong><\/p>\n<p class=\"beitrag\">Im Prinzip f\u00fcr alle beteiligten Parteien: in erster Linie f\u00fcr Sie als User, da wir Ihnen ehrliche Informationen zu Produkten geben wollen. F\u00fcr Radiosender, denen wir unter der Rubrik &#8222;H\u00f6rfunk-Service&#8220; auch einige Testberichte in Audioform zur kostenlosen Ausstrahlung anbieten. F\u00fcr die Hersteller und Verk\u00e4ufer von Produkten, denn wer ein wirklich gutes Produkt liefert, hat die Empfehlung an den Endkunden durch ein neutrales Portal verdient, auch wenn dies eine gewisse Art von Werbung darstellt (wir bezeichnen dies aber als &#8222;verdiente Werbung&#8220;, die noch dazu von uns freiwillig und ohne Verg\u00fctung erfolgt, also &#8222;ehrlich&#8220; ist). Und zuletzt nat\u00fcrlich auch ein Bisschen f\u00fcr uns: wir erhalten zwar f\u00fcr unsere Tests keine Verg\u00fctung (ja, wir arbeiten tats\u00e4chlich auf diesem Portal kostenlos!), jedoch d\u00fcrfen wir die getesteten Produkte meist behalten, was nat\u00fcrlich nicht unerfreulich ist \ud83d\ude42<\/p>\n","protected":false},"excerpt":{"rendered":"<p>Was dahinter steckt&#8230; Es gibt eine Sache, die uns das wichtigste ist: Transparenz! Daher m\u00f6chten wir Ihnen hier detailliert aufzeigen, was hinter diesem Portal steckt, was unsere Beweggr\u00fcnde sind und [&hellip;]<\/p>\n","protected":false},"author":1,"featured_media":0,"parent":0,"menu_order":3,"comment_status":"closed","ping_status":"closed","template":"","meta":{"footnotes":""},"class_list":["post-44","page","type-page","status-publish","hentry"],"_links":{"self":[{"href":"https:\/\/www.praxistest-online.de\/index.php?rest_route=\/wp\/v2\/pages\/44"}],"collection":[{"href":"https:\/\/www.praxistest-online.de\/index.php?rest_route=\/wp\/v2\/pages"}],"about":[{"href":"https:\/\/www.praxistest-online.de\/index.php?rest_route=\/wp\/v2\/types\/page"}],"author":[{"embeddable":true,"href":"https:\/\/www.praxistest-online.de\/index.php?rest_route=\/wp\/v2\/users\/1"}],"replies":[{"embeddable":true,"href":"https:\/\/www.praxistest-online.de\/index.php?rest_route=%2Fwp%2Fv2%2Fcomments&post=44"}],"version-history":[{"count":13,"href":"https:\/\/www.praxistest-online.de\/index.php?rest_route=\/wp\/v2\/pages\/44\/revisions"}],"predecessor-version":[{"id":154,"href":"https:\/\/www.praxistest-online.de\/index.php?rest_route=\/wp\/v2\/pages\/44\/revisions\/154"}],"wp:attachment":[{"href":"https:\/\/www.praxistest-online.de\/index.php?rest_route=%2Fwp%2Fv2%2Fmedia&parent=44"}],"curies":[{"name":"wp","href":"https:\/\/api.w.org\/{rel}","templated":true}]}}