{"id":46,"date":"2017-01-16T11:10:01","date_gmt":"2017-01-16T10:10:01","guid":{"rendered":"http:\/\/www.praxistest-online.de\/?page_id=46"},"modified":"2018-02-09T15:03:00","modified_gmt":"2018-02-09T14:03:00","slug":"kontakt","status":"publish","type":"page","link":"https:\/\/www.praxistest-online.de\/?page_id=46","title":{"rendered":"Kontakt"},"content":{"rendered":"<h3 style=\"text-align: center;\"><strong>Sie m\u00f6chten uns eine Nachricht zukommen lassen?\u00a0\u00a0 <\/strong>Gerne:<\/h3>\n<h5 style=\"text-align: center;\"><form enctype=\"multipart\/form-data\" method=\"post\" id=\"psfb75\" action=\"https:\/\/www.praxistest-online.de\/?page_id=46\" class=\"planso-form-builder\" data-id=\"75\" data-cnt=\"1\" id=\"planso_forms_75_1\" data-locale=\"de\" data-locale_long=\"de_DE\" data-datepicker=\"bootstrap-datetimepicker\" data-date_format=\"j. F Y\" data-moment_date_format=\"D. MMMM YYYY\" data-jqueryui_date_format=\"d. MM yy\" data-eternicode_date_format=\"d. MM yyyy\"><div class=\"container-fluid\"><input type=\"hidden\" name=\"psfb_pageurl\" value=\"https:\/\/www.praxistest-online.de\/?page_id=46\"\/><input type=\"hidden\" name=\"psfb_userip\" value=\"216.73.216.150\"\/><input type=\"hidden\" name=\"psfb_useragent\" value=\"Mozilla\/5.0 AppleWebKit\/537.36 (KHTML, like Gecko; compatible; ClaudeBot\/1.0; +claudebot@anthropic.com)\"\/><input type=\"hidden\" name=\"psfb_landingpage\" value=\"http:\/\/www.praxistest-online.de\/index.php?rest_route=%2Fwp%2Fv2%2Fpages%2F46\"\/><input type=\"hidden\" name=\"psfb_referer\" value=\"Direct\"\/><input type=\"hidden\" name=\"psfb_page_id\" value=\"46\"\/><input type=\"hidden\" name=\"psfb_form_submit\" value=\"1\"\/><input type=\"hidden\" name=\"psfb_form_id\" value=\"75\"\/><input type=\"hidden\" name=\"psfb_form_cnt\" value=\"1\"\/><div style=\"display:none\"><input type=\"text\" name=\"psfb_hon_as\"\/><\/div><div style=\"display:none\"><input type=\"text\" name=\"psfb_hon_as2\" id=\"psfb_hon_as2_75_1\" value=\"8d345156357ea629fedcba8b80f8b9c8\"\/><\/div><div style=\"display:none\"><input type=\"text\" name=\"psfb_cnt_check\" value=\"1\"\/><\/div><noscript>Bitte aktivieren Sie JavaScript in Ihrem Browser, um das Formular korrekt abzuschicken<\/noscript><script type=\"text\/javascript\">document.write('<i'+'n'+'p'+'ut ty'+'pe=\"hi'+'dden\" value=\"'+document.getElementById(\"psfb_hon_as2_75_1\").value+'\" name=\"psfb_js_as\">');<\/script><div class=\"row\"><div class=\"col-md-4\"><div class=\"form-group psfb-single-container\"><label class=\"control-label\" for=\"psfield_75_1\">Vorname<span class=\"psfb_required_mark\">*<\/span><\/label><div class=\"input-group\"><div class=\"input-group-addon\"><span class=\"fa fa-user\"><\/span><\/div><input type=\"text\" required=\"required\" data-required=\"required\" name=\"Vorname\" value=\"\" class=\"form-control  \" id=\"psfield_75_1\" style=\"\"\/><\/div><\/div><\/div><div class=\"col-md-4\"><div class=\"form-group psfb-single-container\"><label class=\"control-label\" for=\"psfield_75_2\">Nachname<span class=\"psfb_required_mark\">*<\/span><\/label><div class=\"input-group\"><div class=\"input-group-addon\"><span class=\"fa fa-user\"><\/span><\/div><input type=\"text\" required=\"required\" data-required=\"required\" name=\"Nachname\" value=\"\" class=\"form-control  \" id=\"psfield_75_2\" style=\"\"\/><\/div><\/div><\/div><div class=\"col-md-4\"><div class=\"form-group psfb-single-container\"><label class=\"control-label\" for=\"psfield_75_3\">E-Mail<span class=\"psfb_required_mark\">*<\/span><\/label><div class=\"input-group\"><div class=\"input-group-addon\"><span class=\"fa fa-envelope\"><\/span><\/div><input type=\"email\" required=\"required\" data-required=\"required\" name=\"E_Mail\" value=\"\" class=\"form-control  \" id=\"psfield_75_3\" style=\"\"\/><\/div><\/div><\/div><\/div><div class=\"row\"><div class=\"col-md-12\"><div class=\"form-group psfb-single-container\"><label class=\"control-label\" for=\"psfield_75_4\">Ihre Nachricht an uns:<span class=\"psfb_required_mark\">*<\/span><\/label><textarea required=\"required\" data-required=\"required\" name=\"Ihre_Nachricht_an_uns_\" class=\"form-control  \" id=\"psfield_75_4\" style=\"\"><\/textarea><\/div><\/div><\/div><div class=\"row\"><div class=\"col-md-12\"><div class=\"form-group psfb-single-container\"><div style=\"position:relative;z-index:1;\"><button type=\"submit\" class=\"btn btn-primary  \" id=\"psfield_75_5\" style=\"\">Senden<\/button><\/div><\/div><\/div><\/div><\/div><\/form><\/h5>\n<h5 style=\"text-align: center;\">Sollten Sie uns ein Produkt f\u00fcr einen Praxistest empfehlen wollen oder sind Sie vielleicht selbst Hersteller oder Vertrieb eines<br \/>\ninteressanten Produktes, das Sie gerne bei uns vorstellen m\u00f6chten \u2013 dann nutzen Sie bitte folgendes separates Formular:<br \/>\n<a href=\"http:\/\/www.praxistest-online.de\/?page_id=116\">PRODUKT MELDEN<\/a><\/h5>\n<p>&nbsp;<\/p>\n<p style=\"text-align: center;\"><span style=\"color: #800000;\"><strong>IMPRESSUM:<\/strong><\/span><\/p>\n<h5 style=\"text-align: center;\">Mike Weber<br \/>\nRuschenweg 20<br \/>\nD &#8211; 85107 Baar-Ebenhausen (Bayern)<br \/>\nDeutschland<\/h5>\n<h5 style=\"text-align: center;\">Email: m.weber@praxistest-online.de<\/h5>\n<p style=\"text-align: center;\">\n<p style=\"text-align: center;\"><span style=\"color: #800000;\"><strong>Haftungsausschluss:<\/strong><\/span><\/p>\n<p class=\"imgsub\"><strong>1. Haftung f\u00fcr Inhalte<\/strong><\/p>\n<p class=\"imgsub\">Die Inhalte dieser Webseite wurden von uns mit gr\u00f6\u00dftm\u00f6glicher Sorgfalt recherchiert und erstellt. Wir \u00fcbernehmen jedoch keine Gew\u00e4hr oder Haftung f\u00fcr die Richtigkeit der Angaben, die wir &#8211; teils nur durch Informationszufluss durch die jeweiligen Hersteller &#8211; erhalten.<\/p>\n<p class=\"imgsub\"><strong>2. Haftung f\u00fcr Links<\/strong><\/p>\n<p class=\"imgsub\">Diese Internetseite enth\u00e4lt Links zu externen Seiten von Dritten, die wir zwar vor Ver\u00f6ffentlichung pr\u00fcfen, jedoch auf deren Content &#8211; auch zu sp\u00e4teren Zeitpunkten hinzugef\u00fcgtem &#8211; keinerlei Einfluss haben. Die Haftung und Verantwortung daf\u00fcr tr\u00e4gt ausschlie\u00dflich der jeweilige Homepagebetreiber.<\/p>\n<p class=\"imgsub\"><strong>3. Urheberrecht<\/strong><\/p>\n<p class=\"imgsub\">Die auf unserer Website ver\u00f6ffentlichten Inhalte sind geistiges Eigentum des Erstellers und somit urheberrechtlich gesch\u00fctzt. Das Bearbeiten, Vervielf\u00e4ltigen oder Verbreiten ohne ausdr\u00fcckliche schriftliche Genehmigung ist untersagt.<\/p>\n<p class=\"imgsub\"><strong>4. Datenschutz<\/strong><\/p>\n<p class=\"imgsub\">Sofern nicht explizit darauf hingewiesen wird (zum Beispiel im Rahmen von Gewinnspielen), werden \u00fcber unsere Formulare \u00fcbermittelte pers\u00f6nliche Daten von Ihnen ausschlie\u00dflich intern genutzt, nicht f\u00fcr Werbezwecke verwendet und unter keinen Umst\u00e4nden an Dritte weitergegeben.<\/p>\n","protected":false},"excerpt":{"rendered":"<p>Sie m\u00f6chten uns eine Nachricht zukommen lassen?\u00a0\u00a0 Gerne: Sollten Sie uns ein Produkt f\u00fcr einen Praxistest empfehlen wollen oder sind Sie vielleicht selbst Hersteller oder Vertrieb eines interessanten Produktes, das [&hellip;]<\/p>\n","protected":false},"author":1,"featured_media":0,"parent":0,"menu_order":6,"comment_status":"closed","ping_status":"closed","template":"","meta":{"footnotes":""},"class_list":["post-46","page","type-page","status-publish","hentry"],"_links":{"self":[{"href":"https:\/\/www.praxistest-online.de\/index.php?rest_route=\/wp\/v2\/pages\/46"}],"collection":[{"href":"https:\/\/www.praxistest-online.de\/index.php?rest_route=\/wp\/v2\/pages"}],"about":[{"href":"https:\/\/www.praxistest-online.de\/index.php?rest_route=\/wp\/v2\/types\/page"}],"author":[{"embeddable":true,"href":"https:\/\/www.praxistest-online.de\/index.php?rest_route=\/wp\/v2\/users\/1"}],"replies":[{"embeddable":true,"href":"https:\/\/www.praxistest-online.de\/index.php?rest_route=%2Fwp%2Fv2%2Fcomments&post=46"}],"version-history":[{"count":11,"href":"https:\/\/www.praxistest-online.de\/index.php?rest_route=\/wp\/v2\/pages\/46\/revisions"}],"predecessor-version":[{"id":281,"href":"https:\/\/www.praxistest-online.de\/index.php?rest_route=\/wp\/v2\/pages\/46\/revisions\/281"}],"wp:attachment":[{"href":"https:\/\/www.praxistest-online.de\/index.php?rest_route=%2Fwp%2Fv2%2Fmedia&parent=46"}],"curies":[{"name":"wp","href":"https:\/\/api.w.org\/{rel}","templated":true}]}}